{"id":5504,"date":"2021-09-08T02:40:50","date_gmt":"2021-09-08T02:40:50","guid":{"rendered":"https:\/\/eghonguzmanb.cl\/site\/?page_id=5504"},"modified":"2021-09-08T02:40:50","modified_gmt":"2021-09-08T02:40:50","slug":"curso-de-radiologia-para-medico-clinicos-23-horas-academicas-del-24-al-26-de-mayo-1984-hospital-de-linares","status":"publish","type":"page","link":"https:\/\/eghonguzmanb.cl\/site\/curso-de-radiologia-para-medico-clinicos-23-horas-academicas-del-24-al-26-de-mayo-1984-hospital-de-linares\/","title":{"rendered":"Curso de Radiolog\u00eda para m\u00e9dico cl\u00ednicos 23 horas acad\u00e9micas del 24 al 26 de mayo 1984. hospital de linares."},"content":{"rendered":"\n<div class=\"wp-block-algori-pdf-viewer-block-algori-pdf-viewer\"><iframe class=\"wp-block-algori-pdf-viewer-block-algori-pdf-viewer-iframe\" src=\"https:\/\/eghonguzmanb.cl\/site\/wp-content\/plugins\/algori-pdf-viewer\/dist\/web\/viewer.html?file=https%3A%2F%2Feghonguzmanb.cl%2Fsite%2Fwp-content%2Fuploads%2F2021%2F09%2F1984-Curso-de-Radiologia-para-medico-clinicos-23-horas-academicas-del-24-al-26-de-mayo-1984-hospital-de-linares.pdf\" style=\"width:1200px;height:900px\"><\/iframe><\/div>\n","protected":false},"excerpt":{"rendered":"","protected":false},"author":1,"featured_media":0,"parent":0,"menu_order":0,"comment_status":"closed","ping_status":"closed","template":"","meta":{"footnotes":""},"class_list":["post-5504","page","type-page","status-publish","hentry"],"_links":{"self":[{"href":"https:\/\/eghonguzmanb.cl\/site\/wp-json\/wp\/v2\/pages\/5504","targetHints":{"allow":["GET"]}}],"collection":[{"href":"https:\/\/eghonguzmanb.cl\/site\/wp-json\/wp\/v2\/pages"}],"about":[{"href":"https:\/\/eghonguzmanb.cl\/site\/wp-json\/wp\/v2\/types\/page"}],"author":[{"embeddable":true,"href":"https:\/\/eghonguzmanb.cl\/site\/wp-json\/wp\/v2\/users\/1"}],"replies":[{"embeddable":true,"href":"https:\/\/eghonguzmanb.cl\/site\/wp-json\/wp\/v2\/comments?post=5504"}],"version-history":[{"count":1,"href":"https:\/\/eghonguzmanb.cl\/site\/wp-json\/wp\/v2\/pages\/5504\/revisions"}],"predecessor-version":[{"id":5506,"href":"https:\/\/eghonguzmanb.cl\/site\/wp-json\/wp\/v2\/pages\/5504\/revisions\/5506"}],"wp:attachment":[{"href":"https:\/\/eghonguzmanb.cl\/site\/wp-json\/wp\/v2\/media?parent=5504"}],"curies":[{"name":"wp","href":"https:\/\/api.w.org\/{rel}","templated":true}]}}