{"id":5254,"date":"2021-08-28T16:16:51","date_gmt":"2021-08-28T16:16:51","guid":{"rendered":"https:\/\/eghonguzmanb.cl\/site\/?page_id=5254"},"modified":"2021-08-28T16:17:44","modified_gmt":"2021-08-28T16:17:44","slug":"asistente-curso-teorico-practico-de-acreditacion-para-el-cribado-de-aneuploidias-en-el-primer-trimestre-siadtp-buenos-aires-27-abril-2005","status":"publish","type":"page","link":"https:\/\/eghonguzmanb.cl\/site\/asistente-curso-teorico-practico-de-acreditacion-para-el-cribado-de-aneuploidias-en-el-primer-trimestre-siadtp-buenos-aires-27-abril-2005\/","title":{"rendered":"Asistente Curso Te\u00f3rico Pr\u00e1ctico de Acreditaci\u00f3n para el Cribado de Aneuploidias en el Primer Trimestre, SIADTP, Buenos Aires, 27 Abril 2005"},"content":{"rendered":"\n<div class=\"wp-block-algori-pdf-viewer-block-algori-pdf-viewer\"><iframe class=\"wp-block-algori-pdf-viewer-block-algori-pdf-viewer-iframe\" src=\"https:\/\/eghonguzmanb.cl\/site\/wp-content\/plugins\/algori-pdf-viewer\/dist\/web\/viewer.html?file=https%3A%2F%2Feghonguzmanb.cl%2Fsite%2Fwp-content%2Fuploads%2F2021%2F08%2FASISTENTE_ANEUPLOIDIAS.pdf\" style=\"width:1200px;height:900px\"><\/iframe><\/div>\n\n\n\n<p><\/p>\n","protected":false},"excerpt":{"rendered":"","protected":false},"author":1,"featured_media":0,"parent":0,"menu_order":0,"comment_status":"closed","ping_status":"closed","template":"","meta":{"footnotes":""},"class_list":["post-5254","page","type-page","status-publish","hentry"],"_links":{"self":[{"href":"https:\/\/eghonguzmanb.cl\/site\/wp-json\/wp\/v2\/pages\/5254","targetHints":{"allow":["GET"]}}],"collection":[{"href":"https:\/\/eghonguzmanb.cl\/site\/wp-json\/wp\/v2\/pages"}],"about":[{"href":"https:\/\/eghonguzmanb.cl\/site\/wp-json\/wp\/v2\/types\/page"}],"author":[{"embeddable":true,"href":"https:\/\/eghonguzmanb.cl\/site\/wp-json\/wp\/v2\/users\/1"}],"replies":[{"embeddable":true,"href":"https:\/\/eghonguzmanb.cl\/site\/wp-json\/wp\/v2\/comments?post=5254"}],"version-history":[{"count":3,"href":"https:\/\/eghonguzmanb.cl\/site\/wp-json\/wp\/v2\/pages\/5254\/revisions"}],"predecessor-version":[{"id":5259,"href":"https:\/\/eghonguzmanb.cl\/site\/wp-json\/wp\/v2\/pages\/5254\/revisions\/5259"}],"wp:attachment":[{"href":"https:\/\/eghonguzmanb.cl\/site\/wp-json\/wp\/v2\/media?parent=5254"}],"curies":[{"name":"wp","href":"https:\/\/api.w.org\/{rel}","templated":true}]}}