{"id":5162,"date":"2021-08-28T14:37:04","date_gmt":"2021-08-28T14:37:04","guid":{"rendered":"https:\/\/eghonguzmanb.cl\/site\/?page_id=5162"},"modified":"2021-08-28T14:37:04","modified_gmt":"2021-08-28T14:37:04","slug":"moderador-mesa-redonda-ultrasonido-en-ginecologia-como-hacer-y-que-hacer-vi-jornadas-jornadas-de-ultrasonografia-en-medicina-y-biologia-del-24-al-26-de-mayo-2001-pucon","status":"publish","type":"page","link":"https:\/\/eghonguzmanb.cl\/site\/moderador-mesa-redonda-ultrasonido-en-ginecologia-como-hacer-y-que-hacer-vi-jornadas-jornadas-de-ultrasonografia-en-medicina-y-biologia-del-24-al-26-de-mayo-2001-pucon\/","title":{"rendered":"Moderador Mesa redonda \u201c Ultrasonido en Ginecologia \u00bfComo hacer y que Hacer? VI Jornadas Jornadas de Ultrasonograf\u00eda en Medicina y Biolog\u00eda del 24 al 26 de mayo 2001, Puc\u00f3n."},"content":{"rendered":"\n<div class=\"wp-block-algori-pdf-viewer-block-algori-pdf-viewer\"><iframe class=\"wp-block-algori-pdf-viewer-block-algori-pdf-viewer-iframe\" src=\"https:\/\/eghonguzmanb.cl\/site\/wp-content\/plugins\/algori-pdf-viewer\/dist\/web\/viewer.html?file=https%3A%2F%2Feghonguzmanb.cl%2Fsite%2Fwp-content%2Fuploads%2F2021%2F08%2FModerador-Mesa-redonda-Ultrasonido-en-Ginecologia-Como-hacer-y-que-Hacer-1.pdf\" style=\"width:1200px;height:900px\"><\/iframe><\/div>\n","protected":false},"excerpt":{"rendered":"","protected":false},"author":1,"featured_media":0,"parent":0,"menu_order":0,"comment_status":"closed","ping_status":"closed","template":"","meta":{"footnotes":""},"class_list":["post-5162","page","type-page","status-publish","hentry"],"_links":{"self":[{"href":"https:\/\/eghonguzmanb.cl\/site\/wp-json\/wp\/v2\/pages\/5162","targetHints":{"allow":["GET"]}}],"collection":[{"href":"https:\/\/eghonguzmanb.cl\/site\/wp-json\/wp\/v2\/pages"}],"about":[{"href":"https:\/\/eghonguzmanb.cl\/site\/wp-json\/wp\/v2\/types\/page"}],"author":[{"embeddable":true,"href":"https:\/\/eghonguzmanb.cl\/site\/wp-json\/wp\/v2\/users\/1"}],"replies":[{"embeddable":true,"href":"https:\/\/eghonguzmanb.cl\/site\/wp-json\/wp\/v2\/comments?post=5162"}],"version-history":[{"count":1,"href":"https:\/\/eghonguzmanb.cl\/site\/wp-json\/wp\/v2\/pages\/5162\/revisions"}],"predecessor-version":[{"id":5164,"href":"https:\/\/eghonguzmanb.cl\/site\/wp-json\/wp\/v2\/pages\/5162\/revisions\/5164"}],"wp:attachment":[{"href":"https:\/\/eghonguzmanb.cl\/site\/wp-json\/wp\/v2\/media?parent=5162"}],"curies":[{"name":"wp","href":"https:\/\/api.w.org\/{rel}","templated":true}]}}