{"id":5013,"date":"2021-08-20T02:13:12","date_gmt":"2021-08-20T02:13:12","guid":{"rendered":"https:\/\/eghonguzmanb.cl\/site\/?page_id=5013"},"modified":"2021-08-20T02:13:12","modified_gmt":"2021-08-20T02:13:12","slug":"conferencista-indicaciones-de-intervencion-en-ecocardiografia-fetal-jornadas-cientificas-c-inccor-99c-instituto-de-coracao-do-hospital-das-clinicas-faculdade-de-medicina-da-usp-9-y","status":"publish","type":"page","link":"https:\/\/eghonguzmanb.cl\/site\/conferencista-indicaciones-de-intervencion-en-ecocardiografia-fetal-jornadas-cientificas-c-inccor-99c-instituto-de-coracao-do-hospital-das-clinicas-faculdade-de-medicina-da-usp-9-y\/","title":{"rendered":"Conferencista \u201cIndicaciones de intervenci\u00f3n en ecocardiograf\u00eda fetal\u201d, Jornadas Cient\u00edficas \u00e7 IncCor 99\u00e7 Instituto de Cora\u00e7ao do Hospital das Cl\u00ednicas Faculdade de Medicina da USP, 9 y 10 de octubro, 1999. Sao Paulo, Brazil."},"content":{"rendered":"\n<div class=\"wp-block-algori-pdf-viewer-block-algori-pdf-viewer\"><iframe class=\"wp-block-algori-pdf-viewer-block-algori-pdf-viewer-iframe\" src=\"https:\/\/eghonguzmanb.cl\/site\/wp-content\/plugins\/algori-pdf-viewer\/dist\/web\/viewer.html?file=https%3A%2F%2Feghonguzmanb.cl%2Fsite%2Fwp-content%2Fuploads%2F2021%2F08%2FIndicaciones-de-intervencion-en-ecocardiografia.pdf\" style=\"width:1200px;height:900px\"><\/iframe><\/div>\n","protected":false},"excerpt":{"rendered":"","protected":false},"author":1,"featured_media":0,"parent":0,"menu_order":0,"comment_status":"closed","ping_status":"closed","template":"","meta":{"footnotes":""},"class_list":["post-5013","page","type-page","status-publish","hentry"],"_links":{"self":[{"href":"https:\/\/eghonguzmanb.cl\/site\/wp-json\/wp\/v2\/pages\/5013","targetHints":{"allow":["GET"]}}],"collection":[{"href":"https:\/\/eghonguzmanb.cl\/site\/wp-json\/wp\/v2\/pages"}],"about":[{"href":"https:\/\/eghonguzmanb.cl\/site\/wp-json\/wp\/v2\/types\/page"}],"author":[{"embeddable":true,"href":"https:\/\/eghonguzmanb.cl\/site\/wp-json\/wp\/v2\/users\/1"}],"replies":[{"embeddable":true,"href":"https:\/\/eghonguzmanb.cl\/site\/wp-json\/wp\/v2\/comments?post=5013"}],"version-history":[{"count":1,"href":"https:\/\/eghonguzmanb.cl\/site\/wp-json\/wp\/v2\/pages\/5013\/revisions"}],"predecessor-version":[{"id":5016,"href":"https:\/\/eghonguzmanb.cl\/site\/wp-json\/wp\/v2\/pages\/5013\/revisions\/5016"}],"wp:attachment":[{"href":"https:\/\/eghonguzmanb.cl\/site\/wp-json\/wp\/v2\/media?parent=5013"}],"curies":[{"name":"wp","href":"https:\/\/api.w.org\/{rel}","templated":true}]}}