{"id":3603,"date":"2021-06-06T23:38:15","date_gmt":"2021-06-06T23:38:15","guid":{"rendered":"https:\/\/eghonguzmanb.cl\/site\/?page_id=3603"},"modified":"2021-06-06T23:38:15","modified_gmt":"2021-06-06T23:38:15","slug":"reconocimiento-miembro-activo-la-junta-de-gobierno-2003-2005-de-la-federacion-de-sociedades-latinoamericanas-de-ultrasonografia-en-medicina-y-biologia-en-el-marco-de-su-20o-aniversario","status":"publish","type":"page","link":"https:\/\/eghonguzmanb.cl\/site\/reconocimiento-miembro-activo-la-junta-de-gobierno-2003-2005-de-la-federacion-de-sociedades-latinoamericanas-de-ultrasonografia-en-medicina-y-biologia-en-el-marco-de-su-20o-aniversario\/","title":{"rendered":"Reconocimiento Miembro Activo, La junta de Gobierno 2003-2005 de la Federaci\u00f3n de Sociedades Latinoamericanas de Ultrasonograf\u00eda en Medicina y Biolog\u00eda, en el Marco de su 20\u00ba Aniversario"},"content":{"rendered":"\n<div class=\"wp-block-algori-pdf-viewer-block-algori-pdf-viewer\"><iframe class=\"wp-block-algori-pdf-viewer-block-algori-pdf-viewer-iframe\" src=\"https:\/\/eghonguzmanb.cl\/site\/wp-content\/plugins\/algori-pdf-viewer\/dist\/web\/viewer.html?file=https%3A%2F%2Feghonguzmanb.cl%2Fsite%2Fwp-content%2Fuploads%2F2021%2F06%2FBinder1-110.pdf\" style=\"width:1200px;height:900px\"><\/iframe><\/div>\n","protected":false},"excerpt":{"rendered":"","protected":false},"author":1,"featured_media":0,"parent":0,"menu_order":0,"comment_status":"closed","ping_status":"closed","template":"","meta":{"footnotes":""},"class_list":["post-3603","page","type-page","status-publish","hentry"],"_links":{"self":[{"href":"https:\/\/eghonguzmanb.cl\/site\/wp-json\/wp\/v2\/pages\/3603","targetHints":{"allow":["GET"]}}],"collection":[{"href":"https:\/\/eghonguzmanb.cl\/site\/wp-json\/wp\/v2\/pages"}],"about":[{"href":"https:\/\/eghonguzmanb.cl\/site\/wp-json\/wp\/v2\/types\/page"}],"author":[{"embeddable":true,"href":"https:\/\/eghonguzmanb.cl\/site\/wp-json\/wp\/v2\/users\/1"}],"replies":[{"embeddable":true,"href":"https:\/\/eghonguzmanb.cl\/site\/wp-json\/wp\/v2\/comments?post=3603"}],"version-history":[{"count":1,"href":"https:\/\/eghonguzmanb.cl\/site\/wp-json\/wp\/v2\/pages\/3603\/revisions"}],"predecessor-version":[{"id":3605,"href":"https:\/\/eghonguzmanb.cl\/site\/wp-json\/wp\/v2\/pages\/3603\/revisions\/3605"}],"wp:attachment":[{"href":"https:\/\/eghonguzmanb.cl\/site\/wp-json\/wp\/v2\/media?parent=3603"}],"curies":[{"name":"wp","href":"https:\/\/api.w.org\/{rel}","templated":true}]}}