{"id":3552,"date":"2021-06-06T21:08:36","date_gmt":"2021-06-06T21:08:36","guid":{"rendered":"https:\/\/eghonguzmanb.cl\/site\/?page_id=3552"},"modified":"2021-06-06T21:08:36","modified_gmt":"2021-06-06T21:08:36","slug":"nominacion-como-miembro-honorario-de-la-sociedad-chilena-de-obstetricia-y-ginecologia-12-de-noviembre-2011-vina-del-mar","status":"publish","type":"page","link":"https:\/\/eghonguzmanb.cl\/site\/nominacion-como-miembro-honorario-de-la-sociedad-chilena-de-obstetricia-y-ginecologia-12-de-noviembre-2011-vina-del-mar\/","title":{"rendered":"Nominaci\u00f3n como miembro honorario de la Sociedad chilena de Obstetricia y Ginecolog\u00eda ( 12 de noviembre 2011, Vi\u00f1a del Mar)."},"content":{"rendered":"\n<div class=\"wp-block-algori-pdf-viewer-block-algori-pdf-viewer\"><iframe class=\"wp-block-algori-pdf-viewer-block-algori-pdf-viewer-iframe\" src=\"https:\/\/eghonguzmanb.cl\/site\/wp-content\/plugins\/algori-pdf-viewer\/dist\/web\/viewer.html?file=https%3A%2F%2Feghonguzmanb.cl%2Fsite%2Fwp-content%2Fuploads%2F2021%2F06%2FBinder1-75.pdf\" style=\"width:1200px;height:900px\"><\/iframe><\/div>\n","protected":false},"excerpt":{"rendered":"","protected":false},"author":1,"featured_media":0,"parent":0,"menu_order":0,"comment_status":"closed","ping_status":"closed","template":"","meta":{"footnotes":""},"class_list":["post-3552","page","type-page","status-publish","hentry"],"_links":{"self":[{"href":"https:\/\/eghonguzmanb.cl\/site\/wp-json\/wp\/v2\/pages\/3552","targetHints":{"allow":["GET"]}}],"collection":[{"href":"https:\/\/eghonguzmanb.cl\/site\/wp-json\/wp\/v2\/pages"}],"about":[{"href":"https:\/\/eghonguzmanb.cl\/site\/wp-json\/wp\/v2\/types\/page"}],"author":[{"embeddable":true,"href":"https:\/\/eghonguzmanb.cl\/site\/wp-json\/wp\/v2\/users\/1"}],"replies":[{"embeddable":true,"href":"https:\/\/eghonguzmanb.cl\/site\/wp-json\/wp\/v2\/comments?post=3552"}],"version-history":[{"count":1,"href":"https:\/\/eghonguzmanb.cl\/site\/wp-json\/wp\/v2\/pages\/3552\/revisions"}],"predecessor-version":[{"id":3554,"href":"https:\/\/eghonguzmanb.cl\/site\/wp-json\/wp\/v2\/pages\/3552\/revisions\/3554"}],"wp:attachment":[{"href":"https:\/\/eghonguzmanb.cl\/site\/wp-json\/wp\/v2\/media?parent=3552"}],"curies":[{"name":"wp","href":"https:\/\/api.w.org\/{rel}","templated":true}]}}