{"id":3480,"date":"2021-06-01T03:33:42","date_gmt":"2021-06-01T03:33:42","guid":{"rendered":"https:\/\/eghonguzmanb.cl\/site\/?page_id=3480"},"modified":"2021-06-01T03:33:42","modified_gmt":"2021-06-01T03:33:42","slug":"nominacion-maestro-chileno-de-la-sociedad-chilena-de-ultrasonografia-en-medicina-y-biologia-2012","status":"publish","type":"page","link":"https:\/\/eghonguzmanb.cl\/site\/nominacion-maestro-chileno-de-la-sociedad-chilena-de-ultrasonografia-en-medicina-y-biologia-2012\/","title":{"rendered":"Nominaci\u00f3n Maestro Chileno de la Sociedad Chilena de Ultrasonograf\u00eda en Medicina y biolog\u00eda, 2012"},"content":{"rendered":"\n<div class=\"wp-block-algori-pdf-viewer-block-algori-pdf-viewer\"><iframe class=\"wp-block-algori-pdf-viewer-block-algori-pdf-viewer-iframe\" src=\"https:\/\/eghonguzmanb.cl\/site\/wp-content\/plugins\/algori-pdf-viewer\/dist\/web\/viewer.html?file=https%3A%2F%2Feghonguzmanb.cl%2Fsite%2Fwp-content%2Fuploads%2F2021%2F06%2FBinder1-80.pdf\" style=\"width:1200px;height:950px\"><\/iframe><\/div>\n","protected":false},"excerpt":{"rendered":"","protected":false},"author":1,"featured_media":0,"parent":0,"menu_order":0,"comment_status":"closed","ping_status":"closed","template":"","meta":{"footnotes":""},"class_list":["post-3480","page","type-page","status-publish","hentry"],"_links":{"self":[{"href":"https:\/\/eghonguzmanb.cl\/site\/wp-json\/wp\/v2\/pages\/3480","targetHints":{"allow":["GET"]}}],"collection":[{"href":"https:\/\/eghonguzmanb.cl\/site\/wp-json\/wp\/v2\/pages"}],"about":[{"href":"https:\/\/eghonguzmanb.cl\/site\/wp-json\/wp\/v2\/types\/page"}],"author":[{"embeddable":true,"href":"https:\/\/eghonguzmanb.cl\/site\/wp-json\/wp\/v2\/users\/1"}],"replies":[{"embeddable":true,"href":"https:\/\/eghonguzmanb.cl\/site\/wp-json\/wp\/v2\/comments?post=3480"}],"version-history":[{"count":1,"href":"https:\/\/eghonguzmanb.cl\/site\/wp-json\/wp\/v2\/pages\/3480\/revisions"}],"predecessor-version":[{"id":3482,"href":"https:\/\/eghonguzmanb.cl\/site\/wp-json\/wp\/v2\/pages\/3480\/revisions\/3482"}],"wp:attachment":[{"href":"https:\/\/eghonguzmanb.cl\/site\/wp-json\/wp\/v2\/media?parent=3480"}],"curies":[{"name":"wp","href":"https:\/\/api.w.org\/{rel}","templated":true}]}}