{"id":3127,"date":"2021-06-06T19:08:24","date_gmt":"2021-06-06T19:08:24","guid":{"rendered":"https:\/\/eghonguzmanb.cl\/site\/?page_id=3127"},"modified":"2021-06-06T19:08:24","modified_gmt":"2021-06-06T19:08:24","slug":"estadia-de-perfeccionamiento-para-especialistas-pos-graduados-de-ginecologia-y-obstetricia-en-diagnostico-prenatal-de-las-malformaciones-congenitas-y-consejo-reproductivo-del-4-de-noviembre","status":"publish","type":"page","link":"https:\/\/eghonguzmanb.cl\/site\/estadia-de-perfeccionamiento-para-especialistas-pos-graduados-de-ginecologia-y-obstetricia-en-diagnostico-prenatal-de-las-malformaciones-congenitas-y-consejo-reproductivo-del-4-de-noviembre\/","title":{"rendered":"Estad\u00eda de perfeccionamiento para especialistas pos-graduados de Ginecolog\u00eda y Obstetricia en \u201cDiagn\u00f3stico Prenatal de las Malformaciones Cong\u00e9nitas y Consejo Reproductivo, del 4 de noviembre de 1986 al 31 de julio de 1987. Hospital Cl\u00ednico Universidad de Barcelona, Espa\u00f1a."},"content":{"rendered":"\n<div class=\"wp-block-algori-pdf-viewer-block-algori-pdf-viewer\"><iframe class=\"wp-block-algori-pdf-viewer-block-algori-pdf-viewer-iframe\" src=\"https:\/\/eghonguzmanb.cl\/site\/wp-content\/plugins\/algori-pdf-viewer\/dist\/web\/viewer.html?file=https%3A%2F%2Feghonguzmanb.cl%2Fsite%2Fwp-content%2Fuploads%2F2021%2F06%2FBinder1-64.pdf\" style=\"width:1200px;height:900px\"><\/iframe><\/div>\n\n\n\n<p><\/p>\n","protected":false},"excerpt":{"rendered":"","protected":false},"author":1,"featured_media":0,"parent":0,"menu_order":0,"comment_status":"closed","ping_status":"closed","template":"","meta":{"footnotes":""},"class_list":["post-3127","page","type-page","status-publish","hentry"],"_links":{"self":[{"href":"https:\/\/eghonguzmanb.cl\/site\/wp-json\/wp\/v2\/pages\/3127","targetHints":{"allow":["GET"]}}],"collection":[{"href":"https:\/\/eghonguzmanb.cl\/site\/wp-json\/wp\/v2\/pages"}],"about":[{"href":"https:\/\/eghonguzmanb.cl\/site\/wp-json\/wp\/v2\/types\/page"}],"author":[{"embeddable":true,"href":"https:\/\/eghonguzmanb.cl\/site\/wp-json\/wp\/v2\/users\/1"}],"replies":[{"embeddable":true,"href":"https:\/\/eghonguzmanb.cl\/site\/wp-json\/wp\/v2\/comments?post=3127"}],"version-history":[{"count":1,"href":"https:\/\/eghonguzmanb.cl\/site\/wp-json\/wp\/v2\/pages\/3127\/revisions"}],"predecessor-version":[{"id":3523,"href":"https:\/\/eghonguzmanb.cl\/site\/wp-json\/wp\/v2\/pages\/3127\/revisions\/3523"}],"wp:attachment":[{"href":"https:\/\/eghonguzmanb.cl\/site\/wp-json\/wp\/v2\/media?parent=3127"}],"curies":[{"name":"wp","href":"https:\/\/api.w.org\/{rel}","templated":true}]}}