{"id":2844,"date":"2021-05-22T06:44:38","date_gmt":"2021-05-22T06:44:38","guid":{"rendered":"http:\/\/eghonguzmanb.cl\/site\/?page_id=2844"},"modified":"2021-05-26T20:55:29","modified_gmt":"2021-05-26T20:55:29","slug":"curso-de-actualizacion-perinatal-hospital-dr-sotero-del-rio-pontificia-universidad-catolica-de-chile-del-27-03-al-01-04-de-1978","status":"publish","type":"page","link":"https:\/\/eghonguzmanb.cl\/site\/curso-de-actualizacion-perinatal-hospital-dr-sotero-del-rio-pontificia-universidad-catolica-de-chile-del-27-03-al-01-04-de-1978\/","title":{"rendered":"\u2022 Curso de Actualizaci\u00f3n Perinatal Hospital Dr. Sotero del R\u00edo, Pontif\u00edcia Universidad Cat\u00f3lica de Chile, del 27\/03 al 01\/04 de 1978."},"content":{"rendered":"\n<div class=\"wp-block-algori-pdf-viewer-block-algori-pdf-viewer\"><iframe class=\"wp-block-algori-pdf-viewer-block-algori-pdf-viewer-iframe\" src=\"https:\/\/eghonguzmanb.cl\/site\/wp-content\/plugins\/algori-pdf-viewer\/dist\/web\/viewer.html?file=https%3A%2F%2Feghonguzmanb.cl%2Fsite%2Fwp-content%2Fuploads%2F2021%2F05%2F2-Curso-Actualizacio%CC%81n-Perinatal-Hosp-Sotero-del-Rio.pdf\" style=\"width:900px;height:1200px\"><\/iframe><\/div>\n","protected":false},"excerpt":{"rendered":"","protected":false},"author":1,"featured_media":0,"parent":0,"menu_order":0,"comment_status":"closed","ping_status":"closed","template":"","meta":{"footnotes":""},"class_list":["post-2844","page","type-page","status-publish","hentry"],"_links":{"self":[{"href":"https:\/\/eghonguzmanb.cl\/site\/wp-json\/wp\/v2\/pages\/2844","targetHints":{"allow":["GET"]}}],"collection":[{"href":"https:\/\/eghonguzmanb.cl\/site\/wp-json\/wp\/v2\/pages"}],"about":[{"href":"https:\/\/eghonguzmanb.cl\/site\/wp-json\/wp\/v2\/types\/page"}],"author":[{"embeddable":true,"href":"https:\/\/eghonguzmanb.cl\/site\/wp-json\/wp\/v2\/users\/1"}],"replies":[{"embeddable":true,"href":"https:\/\/eghonguzmanb.cl\/site\/wp-json\/wp\/v2\/comments?post=2844"}],"version-history":[{"count":2,"href":"https:\/\/eghonguzmanb.cl\/site\/wp-json\/wp\/v2\/pages\/2844\/revisions"}],"predecessor-version":[{"id":3383,"href":"https:\/\/eghonguzmanb.cl\/site\/wp-json\/wp\/v2\/pages\/2844\/revisions\/3383"}],"wp:attachment":[{"href":"https:\/\/eghonguzmanb.cl\/site\/wp-json\/wp\/v2\/media?parent=2844"}],"curies":[{"name":"wp","href":"https:\/\/api.w.org\/{rel}","templated":true}]}}