{"id":2564,"date":"2021-05-21T02:15:06","date_gmt":"2021-05-21T02:15:06","guid":{"rendered":"http:\/\/eghonguzmanb.cl\/site\/?page_id=2564"},"modified":"2024-03-06T01:00:40","modified_gmt":"2024-03-06T01:00:40","slug":"otros-meritos","status":"publish","type":"page","link":"https:\/\/eghonguzmanb.cl\/site\/otros-meritos\/","title":{"rendered":"Otros M\u00e9ritos"},"content":{"rendered":"\t\t<div data-elementor-type=\"wp-page\" data-elementor-id=\"2564\" class=\"elementor elementor-2564\" data-elementor-settings=\"[]\">\n\t\t\t\t\t\t<div class=\"elementor-inner\">\n\t\t\t\t\t\t\t<div class=\"elementor-section-wrap\">\n\t\t\t\t\t\t\t<section class=\"elementor-section elementor-top-section elementor-element elementor-element-63b103e1 elementor-section-boxed elementor-section-height-default elementor-section-height-default\" data-id=\"63b103e1\" data-element_type=\"section\">\n\t\t\t\t\t\t<div class=\"elementor-container elementor-column-gap-default\">\n\t\t\t\t\t\t\t<div class=\"elementor-row\">\n\t\t\t\t\t<div class=\"elementor-column elementor-col-100 elementor-top-column elementor-element elementor-element-68d5e297\" data-id=\"68d5e297\" data-element_type=\"column\">\n\t\t\t<div class=\"elementor-column-wrap elementor-element-populated\">\n\t\t\t\t\t\t\t<div class=\"elementor-widget-wrap\">\n\t\t\t\t\t\t<div class=\"elementor-element elementor-element-7f68ccf7 elementor-widget elementor-widget-text-editor\" data-id=\"7f68ccf7\" data-element_type=\"widget\" data-widget_type=\"text-editor.default\">\n\t\t\t\t<div class=\"elementor-widget-container\">\n\t\t\t\t\t\t\t\t<div class=\"elementor-text-editor elementor-clearfix\">\n\t\t\t\t\t<ul><li><span style=\"color: #000000;\"><a style=\"color: #000000;\" href=\"https:\/\/eghonguzmanb.cl\/site\/15-anos-de-servicio-1a-compania-de-bomberos-de-nunoa-nov-2010\/\">15 a\u00f1os de Servicio ,1\u00aa Compa\u00f1ia de Bomberos de \u00d1u\u00f1oa, Nov 2010<\/a><\/span><\/li><li><span style=\"color: #000000;\"><a style=\"color: #000000;\" href=\"https:\/\/eghonguzmanb.cl\/site\/seminario-disfrutando-el-vino\/\">Seminario \u00abDisfrutando el Vino\u00bb<\/a><\/span><\/li><li><span style=\"color: #000000;\"><a style=\"color: #000000;\" href=\"https:\/\/eghonguzmanb.cl\/site\/reconocimiento-por-aporte-entrega-y-compromiso-con-la-comunidad-a-traves-del-programa-buenas-tardes-eli-de-red-televisiva-megavision-santiago-chile-agosto-1994\/\">Reconocimiento por <strong>\u00abAporte, Entrega y Compromiso con la Comunidad, a trav\u00e9s del programa Buenas Tardes Eli&#8230;\u00bb<\/strong> de Red Televisiva Megavisi\u00f3n. Santiago-Chile, Agosto 1994<\/a><\/span><\/li><li><span style=\"color: #000000;\"><a style=\"color: #000000;\" href=\"https:\/\/eghonguzmanb.cl\/site\/obsequio-reconocimiento-gubernamental-figo-2013-visita-territorio-antartico\/\">Obsequio Reconocimiento Gubernamental FIGO 2013 Visita Territorio Antartico<\/a><\/span><\/li><li><span style=\"color: #000000;\"><a style=\"color: #000000;\" href=\"https:\/\/eghonguzmanb.cl\/site\/destacada-participacion-y-aporte-al-programa-buenas-tardes-eli\/\">Reconocimiento por <strong>\u00abDestacada Participaci\u00f3n y Aporte al Programa Buenas Tardes Eli&#8230;\u00bb<\/strong> de Red Televisiva Megavisi\u00f3n. Santiago-Chile, Agosto 1993<\/a><\/span><\/li><li><span style=\"color: #000000;\"><a style=\"color: #000000;\" href=\"https:\/\/eghonguzmanb.cl\/site\/bombero-operativo\/\">Por Aprobar las Exigencias Academicas, logra la condici\u00f3n de Bombero Operativo<\/a><\/span><\/li><\/ul>\t\t\t\t\t<\/div>\n\t\t\t\t\t\t<\/div>\n\t\t\t\t<\/div>\n\t\t\t\t\t\t<\/div>\n\t\t\t\t\t<\/div>\n\t\t<\/div>\n\t\t\t\t\t\t\t\t<\/div>\n\t\t\t\t\t<\/div>\n\t\t<\/section>\n\t\t\t\t\t\t<\/div>\n\t\t\t\t\t\t<\/div>\n\t\t\t\t\t<\/div>\n\t\t","protected":false},"excerpt":{"rendered":"<p>15 a\u00f1os de Servicio ,1\u00aa Compa\u00f1ia de Bomberos de \u00d1u\u00f1oa, Nov 2010 Seminario \u00abDisfrutando el Vino\u00bb Reconocimiento por \u00abAporte, Entrega y Compromiso con la Comunidad, a trav\u00e9s del programa Buenas Tardes Eli&#8230;\u00bb de Red Televisiva Megavisi\u00f3n. Santiago-Chile, Agosto 1994 Obsequio Reconocimiento Gubernamental FIGO 2013 Visita Territorio Antartico Reconocimiento por \u00abDestacada Participaci\u00f3n y Aporte al Programa Buenas Tardes Eli&#8230;\u00bb de Red Televisiva Megavisi\u00f3n. Santiago-Chile, Agosto 1993 Por Aprobar las Exigencias Academicas, logra la condici\u00f3n de Bombero Operativo<\/p>\n","protected":false},"author":1,"featured_media":0,"parent":0,"menu_order":0,"comment_status":"closed","ping_status":"closed","template":"","meta":{"footnotes":""},"class_list":["post-2564","page","type-page","status-publish","hentry"],"_links":{"self":[{"href":"https:\/\/eghonguzmanb.cl\/site\/wp-json\/wp\/v2\/pages\/2564","targetHints":{"allow":["GET"]}}],"collection":[{"href":"https:\/\/eghonguzmanb.cl\/site\/wp-json\/wp\/v2\/pages"}],"about":[{"href":"https:\/\/eghonguzmanb.cl\/site\/wp-json\/wp\/v2\/types\/page"}],"author":[{"embeddable":true,"href":"https:\/\/eghonguzmanb.cl\/site\/wp-json\/wp\/v2\/users\/1"}],"replies":[{"embeddable":true,"href":"https:\/\/eghonguzmanb.cl\/site\/wp-json\/wp\/v2\/comments?post=2564"}],"version-history":[{"count":29,"href":"https:\/\/eghonguzmanb.cl\/site\/wp-json\/wp\/v2\/pages\/2564\/revisions"}],"predecessor-version":[{"id":6863,"href":"https:\/\/eghonguzmanb.cl\/site\/wp-json\/wp\/v2\/pages\/2564\/revisions\/6863"}],"wp:attachment":[{"href":"https:\/\/eghonguzmanb.cl\/site\/wp-json\/wp\/v2\/media?parent=2564"}],"curies":[{"name":"wp","href":"https:\/\/api.w.org\/{rel}","templated":true}]}}

Otros Méritos

<div data-elementor-type="wp-page" data-elementor-id="2564" class="elementor elementor-2564" data-elementor-settings="[]">
						<div class="elementor-inner">
							<div class="elementor-section-wrap">
							<section class="elementor-section elementor-top-section elementor-element elementor-element-63b103e1 elementor-section-boxed elementor-section-height-default elementor-section-height-default" data-id="63b103e1" data-element_type="section">
						<div class="elementor-container elementor-column-gap-default">
							<div class="elementor-row">
					<div class="elementor-column elementor-col-100 elementor-top-column elementor-element elementor-element-68d5e297" data-id="68d5e297" data-element_type="column">
			<div class="elementor-column-wrap elementor-element-populated">
							<div class="elementor-widget-wrap">
						<div class="elementor-element elementor-element-7f68ccf7 elementor-widget elementor-widget-text-editor" data-id="7f68ccf7" data-element_type="widget" data-widget_type="text-editor.default">
				<div class="elementor-widget-container">
								<div class="elementor-text-editor elementor-clearfix">
					<ul><li><span style="color: #000000;"><a style="color: #000000;" href="https://eghonguzmanb.cl/site/15-anos-de-servicio-1a-compania-de-bomberos-de-nunoa-nov-2010/">15 años de Servicio ,1ª Compañia de Bomberos de Ñuñoa, Nov 2010</a></span></li><li><span style="color: #000000;"><a style="color: #000000;" href="https://eghonguzmanb.cl/site/seminario-disfrutando-el-vino/">Seminario «Disfrutando el Vino»</a></span></li><li><span style="color: #000000;"><a style="color: #000000;" href="https://eghonguzmanb.cl/site/reconocimiento-por-aporte-entrega-y-compromiso-con-la-comunidad-a-traves-del-programa-buenas-tardes-eli-de-red-televisiva-megavision-santiago-chile-agosto-1994/">Reconocimiento por <strong>«Aporte, Entrega y Compromiso con la Comunidad, a través del programa Buenas Tardes Eli&#8230;»</strong> de Red Televisiva Megavisión. Santiago-Chile, Agosto 1994</a></span></li><li><span style="color: #000000;"><a style="color: #000000;" href="https://eghonguzmanb.cl/site/obsequio-reconocimiento-gubernamental-figo-2013-visita-territorio-antartico/">Obsequio Reconocimiento Gubernamental FIGO 2013 Visita Territorio Antartico</a></span></li><li><span style="color: #000000;"><a style="color: #000000;" href="https://eghonguzmanb.cl/site/destacada-participacion-y-aporte-al-programa-buenas-tardes-eli/">Reconocimiento por <strong>«Destacada Participación y Aporte al Programa Buenas Tardes Eli&#8230;»</strong> de Red Televisiva Megavisión. Santiago-Chile, Agosto 1993</a></span></li><li><span style="color: #000000;"><a style="color: #000000;" href="https://eghonguzmanb.cl/site/bombero-operativo/">Por Aprobar las Exigencias Academicas, logra la condición de Bombero Operativo</a></span></li></ul>					</div>
						</div>
				</div>
						</div>
					</div>
		</div>
								</div>
					</div>
		</section>
						</div>
						</div>
					</div>

<p>15 años de Servicio ,1ª Compañia de Bomberos de Ñuñoa, Nov 2010 Seminario «Disfrutando el Vino» Reconocimiento por «Aporte, Entrega y Compromiso con la Comunidad, a través del programa Buenas Tardes Eli&#8230;» de Red Televisiva Megavisión. Santiago-Chile, Agosto 1994 Obsequio Reconocimiento Gubernamental FIGO 2013 Visita Territorio Antartico Reconocimiento por «Destacada Participación y Aporte al Programa Buenas Tardes Eli&#8230;» de Red Televisiva Megavisión. Santiago-Chile, Agosto 1993 Por Aprobar las Exigencias Academicas, logra la condición de Bombero Operativo</p>
