{"id":2001,"date":"2021-05-16T12:11:08","date_gmt":"2021-05-16T12:11:08","guid":{"rendered":"http:\/\/eghonguzmanb.cl\/site\/?page_id=2001"},"modified":"2021-05-19T03:52:04","modified_gmt":"2021-05-19T03:52:04","slug":"recuerdo-apoyo-incondicional-academico-cientifico-v-congreso-cruceno-de-ginecologia-y-obstetricia-santa-cruz-bolivia-octubre-2014","status":"publish","type":"page","link":"https:\/\/eghonguzmanb.cl\/site\/recuerdo-apoyo-incondicional-academico-cientifico-v-congreso-cruceno-de-ginecologia-y-obstetricia-santa-cruz-bolivia-octubre-2014\/","title":{"rendered":"Recuerdo Apoyo Incondicional Academico Cient\u00edfico V Congreso Cruce\u00f1o de Ginecolog\u00eda y Obstetricia, Santa Cruz Bolivia Octubre 2014"},"content":{"rendered":"\n<p class=\"has-text-align-center\"><code><iframe loading=\"lazy\" class=\"pdfjs-viewer\" width=\"600px\" height=\"849px\" src=\"https:\/\/eghonguzmanb.cl\/site\/wp-content\/plugins\/pdf-viewer\/stable\/web\/viewer.html?file=https:\/\/eghonguzmanb.cl\/site\/wp-content\/uploads\/2021\/05\/Recuerdo-Apoyo-Incondicional-Academico-Cientifico-V-Congreso-Cruceno-de-Ginecologia-y-Obstetricia.pdf\"><\/iframe> <\/code><\/p>\n\n\n\n<p class=\"has-text-align-center\"><code><iframe loading=\"lazy\" class=\"pdfjs-viewer\" width=\"600px\" height=\"849px\" src=\"https:\/\/eghonguzmanb.cl\/site\/wp-content\/plugins\/pdf-viewer\/stable\/web\/viewer.html?file=https:\/\/eghonguzmanb.cl\/site\/wp-content\/uploads\/2021\/05\/Agradecimiento-V-Cong-Cruceno-Bolivia.pdf\"><\/iframe> <\/code><\/p>\n","protected":false},"excerpt":{"rendered":"","protected":false},"author":1,"featured_media":0,"parent":0,"menu_order":0,"comment_status":"closed","ping_status":"closed","template":"","meta":{"footnotes":""},"class_list":["post-2001","page","type-page","status-publish","hentry"],"_links":{"self":[{"href":"https:\/\/eghonguzmanb.cl\/site\/wp-json\/wp\/v2\/pages\/2001","targetHints":{"allow":["GET"]}}],"collection":[{"href":"https:\/\/eghonguzmanb.cl\/site\/wp-json\/wp\/v2\/pages"}],"about":[{"href":"https:\/\/eghonguzmanb.cl\/site\/wp-json\/wp\/v2\/types\/page"}],"author":[{"embeddable":true,"href":"https:\/\/eghonguzmanb.cl\/site\/wp-json\/wp\/v2\/users\/1"}],"replies":[{"embeddable":true,"href":"https:\/\/eghonguzmanb.cl\/site\/wp-json\/wp\/v2\/comments?post=2001"}],"version-history":[{"count":3,"href":"https:\/\/eghonguzmanb.cl\/site\/wp-json\/wp\/v2\/pages\/2001\/revisions"}],"predecessor-version":[{"id":2320,"href":"https:\/\/eghonguzmanb.cl\/site\/wp-json\/wp\/v2\/pages\/2001\/revisions\/2320"}],"wp:attachment":[{"href":"https:\/\/eghonguzmanb.cl\/site\/wp-json\/wp\/v2\/media?parent=2001"}],"curies":[{"name":"wp","href":"https:\/\/api.w.org\/{rel}","templated":true}]}}